 composite number?
False
Is 6200263 a composite number?
True
Is 187963913 composite?
True
Is 1800301 composite?
False
Is 26332301 a prime number?
False
Is 248653241 a prime number?
True
Is 17261243 composite?
True
Is 12913123 a composite number?
False
Is 2120243 prime?
True
Is 30845447 prime?
True
Is 597910763 a composite number?
True
Is 8317891 composite?
False
Is 485359 prime?
False
Is 36144571 prime?
True
Is 32752417 prime?
True
Is 26126747 composite?
False
Is 103160851 a prime number?
False
Is 1963583 a composite number?
True
Is 8052319 composite?
True
Is 155458663 prime?
False
Is 51174631 a prime number?
True
Is 1948369 a prime number?
True
Is 140836859 prime?
False
Is 7528679 a prime number?
True
Is 396239 composite?
False
Is 858372373 a prime number?
True
Is 1329337 prime?
True
Is 7745399 a composite number?
False
Is 10832347 a composite number?
False
Is 59883071 composite?
False
Is 352819957 prime?
False
Is 197353651 a prime number?
False
Is 12535342 a prime number?
False
Is 1822455023 prime?
True
Is 78968083 prime?
True
Is 1218989 composite?
False
Is 6117491 composite?
False
Is 7213321 composite?
True
Is 11838883 a prime number?
False
Is 12164279 composite?
False
Is 199657 composite?
False
Is 19119703 composite?
True
Is 2898379 a composite number?
True
Is 173108303 a composite number?
True
Is 36689041 composite?
False
Is 360011 prime?
False
Is 4110527 prime?
True
Is 129892027 prime?
True
Is 34131959 composite?
True
Is 653927 a composite number?
False
Is 18641093 a composite number?
True
Is 163508131 composite?
False
Is 80045963 prime?
True
Is 23310887 composite?
False
Is 2377997 a composite number?
False
Is 78411067 a composite number?
True
Is 14821421 a composite number?
False
Is 13073129 prime?
True
Is 2785723 composite?
True
Is 1834537 prime?
False
Is 51616127 a composite number?
True
Is 40580479 prime?
False
Is 3069461 composite?
True
Is 24829 composite?
True
Is 1870349 prime?
False
Is 4141901 a composite number?
True
Is 1041041165 a composite number?
True
Is 216848815 a composite number?
True
Is 6695113 composite?
True
Is 288467371 prime?
False
Is 3500999 a prime number?
True
Is 3187193 prime?
False
Is 18597647 composite?
True
Is 3367517 composite?
False
Is 1935829909 a prime number?
False
Is 6865073 a prime number?
True
Is 133493209 a prime number?
True
Is 598303 composite?
False
Is 22506479 a prime number?
True
Is 1432237 a composite number?
True
Is 4770973 prime?
False
Is 88283 a prime number?
False
Is 913903 composite?
True
Is 428899 a prime number?
True
Is 2562233 a composite number?
False
Is 568216457 prime?
True
Is 3422483 a composite number?
False
Is 86940077 composite?
True
Is 9653849 a composite number?
True
Is 19159211 a prime number?
True
Is 11351647 a composite number?
False
Is 49113283 a prime number?
False
Is 2048621 a composite number?
False
Is 68041969 a composite number?
False
Is 10842526 prime?
False
Is 141921629 a composite number?
True
Is 98154395 a composite number?
True
Is 1317541 a composite number?
False
Is 8928139 prime?
False
Is 7541699 composite?
True
Is 1201853 composite?
False
Is 9584909 prime?
False
Is 3005063 composite?
False
Is 609808642 composite?
True
Is 318777127 composite?
False
Is 4675813 prime?
True
Is 71963 composite?
False
Is 912911 a prime number?
True
Is 93787 a composite number?
False
Is 502342 composite?
True
Is 2725997 a composite number?
False
Is 3301449 a prime number?
False
Is 888217 a prime number?
False
Is 1702291 prime?
True
Is 8555543 prime?
True
Is 3619417 a composite number?
True
Is 7931137 a composite number?
False
Is 139100863 a prime number?
False
Is 2587253 composite?
False
Is 282653419 a prime number?
True
Is 15848711 a composite number?
True
Is 12822441 prime?
False
Is 70750627 composite?
True
Is 398899 composite?
True
Is 1072688521 composite?
False
Is 2144399 prime?
True
Is 1804063 composite?
False
Is 37237679 prime?
True
Is 13695011 a composite number?
True
Is 2862461 composite?
True
Is 3871271 a prime number?
True
Is 26984885 a composite number?
True
Is 10684833 composite?
True
Is 3530057 prime?
False
Is 367542041 a composite number?
False
Is 2535263 prime?
True
Is 10581647 a composite number?
False
Is 158623 composite?
True
Is 8586611 a composite number?
True
Is 1057603 a prime number?
True
Is 15207133 composite?
True
Is 6729587 composite?
False
Is 1220101 prime?
False
Is 31835537 prime?
True
Is 52857787 a prime number?
True
Is 10554757 a prime number?
True
Is 515239 prime?
False
Is 56066501 prime?
False
Is 8856481 composite?
True
Is 16048801 composite?
True
Is 22897379 a composite number?
True
Is 143033377 composite?
True
Is 3007707 prime?
False
Is 6280457 prime?
True
Is 62666599 a composite number?
False
Is 291065947 a composite number?
False
Is 878929 composite?
False
Is 3060683 prime?
True
Is 77330761 a prime number?
False
Is 5609317 a composite number?
True
Is 2567599 a composite number?
False
Is 432101 prime?
False
Is 34988683 a composite number?
False
Is 9721567 a composite number?
True
Is 78012215 a composite number?
True
Is 445345 a prime number?
False
Is 128704073 a composite number?
False
Is 43088765 prime?
False
Is 4260551 a composite number?
False
Is 26008981 prime?
True
Is 164531 composite?
False
Is 94990265 composite?
True
Is 430523395 a prime number?
False
Is 21458251 composite?
True
Is 46495733 a prime number?
True
Is 147744785 composite?
True
Is 12657077 a composite number?
False
Is 47453893 composite?
False
Is 49878823 composite?
True
Is 201214607 composite?
True
Is 118127 composite?
False
Is 1182253 a prime number?
True
Is 9629077 a prime number?
True
Is 261240537 a composite number?
True
Is 35997301 a prime number?
False
Is 70930731 a composite number?
True
Is 415731671 a prime number?
True
Is 38997449 composite?
False
Is 251117 prime?
True
Is 432049 a composite number?
True
Is 4461253 a prime number?
True
Is 5477507 composite?
True
Is 19986839 a composite number?
True
Is 7419131 prime?
True
Is 59619857 prime?
False
Is 145290053 a prime number?
False
Is 121151 prime?
True
Is 3085949 composite?
False
Is 29159803 prime?
True
Is 537799139 prime?
True
Is 10966867 a prime number?
True
Is 2206121 a composite number?
False
Is 4885943 a composite number?
False
Is 318213557 a composite number?
False
Is 6750773 a prime number?
False
Is 58432291 a prime number?
False
Is 28694191 prime?
True
Is 33027221 composite?
True
Is 98837 prime?
True
Is 23735045 a composite number?
True
Is 26336819 prime?
False
Is 7868149 a composite number?
True
Is 77886881 a composite number?
False
Is 4250369 composite?
False
Is 2259572759 prime?
True
Is 2367479 prime?
False
Is 1455241 composite?
False
Is 4635079 composite?
False
Is 10187638 a prime number?
False
Is 801341 a composite number?
False
Is 646298405 a composite number?
True
Is 79819721 prime?
True
Is 171762053 a composite number?
False
Is 393663539 a prime number?
False
Is 26596291 composite?
False
Is 115911493 prime?
False
Is 26772443 a prime number?
False
Is 71009491 composite?
True
Is 106744723 a prime number?
False
Is 2656915 prime?
False
Is 121094003 composite?
False
Is 107686769 composite?
False
Is 11187809 a prime number?
True
Is 1731391 a prime number?
False
Is 16152659 composite?
False
Is 308137 a prime number?
True
Is 586673 a composite number?
True
Is 7249651 composite?
True
Is 153554155 a composite number?
True
Is 1281557 a composite number?
True
Is 58510451 composite?
False
Is 979061 prime?
True
Is 180219995 prime?
False
Is 92220077 a prime number?
True
Is 1067623 composite?
True
Is 10991858 prime?
False
Is 136381591 a composite number?
True
Is 214378477 a prime number?
True
Is 135764422 prime?
False
Is 56366239 a prime number?
True
Is 584190193 prime?
False
Is 453881 composite?
True
Is 8200339 composite?
True
Is 27294679 a composite number?
False
Is 2672981 a prime number?
False
Is 149163803 prime?
True
Is 4385321 a composite number?
True
Is 5235073 a composite number?
False
Is 4604491 composite?
False
Is 32146229 composite?
True
Is 365477995 a prime number?
False
Is 1867847 composite?
False
Is 19363307 composite?
True
Is 1584181 a prime number?
False
Is 5010901 a composite number?
True
Is 12767353 a composite number?
False
Is 8055163 prime?
False
Is 129556829 a composite number?
False
Is 2129443 compo